{"id":108,"date":"2023-08-23T08:35:32","date_gmt":"2023-08-23T08:35:32","guid":{"rendered":"https:\/\/www.reipinvesiosuuskunta.fi\/?page_id=108"},"modified":"2023-08-23T09:51:47","modified_gmt":"2023-08-23T09:51:47","slug":"kokoukset","status":"publish","type":"page","link":"https:\/\/www.reipinvesiosuuskunta.fi\/?page_id=108","title":{"rendered":"Kokoukset"},"content":{"rendered":"\n<p><\/p>\n\n\n\n<h2 class=\"wp-block-heading\">Seuraava kokous <\/h2>\n\n\n\n<p><mark style=\"background-color:rgba(0, 0, 0, 0)\" class=\"has-inline-color has-black-color\"><strong>21.9.2023 klo 18 Reipin kyl\u00e4talo, Museotie 6<\/strong><\/mark><\/p>\n\n\n\n<h2 class=\"wp-block-heading\">Kokousp\u00f6yt\u00e4kirjat<\/h2>\n\n\n\n<p>30.3.2023<\/p>\n\n\n\n<div data-wp-interactive=\"\" class=\"wp-block-file\"><object data-wp-bind--hidden=\"!selectors.core.file.hasPdfPreview\" hidden class=\"wp-block-file__embed\" data=\"https:\/\/www.reipinvesiosuuskunta.fi\/wp-content\/uploads\/2023\/08\/REIPIN_VESIOSUUSKUNTA_HALLITUS_KOKOUS_2-20230330_Poytakirja.docx-Google-Docs.pdf\" type=\"application\/pdf\" style=\"width:100%;height:600px\" aria-label=\"Tiedoston REIPIN_VESIOSUUSKUNTA_HALLITUS_KOKOUS_2-20230330_Poytakirja.docx-Google-Docs upotus.\"><\/object><a id=\"wp-block-file--media-dcb3f526-c1fa-4924-ac3b-0b45a4334b4c\" href=\"https:\/\/www.reipinvesiosuuskunta.fi\/wp-content\/uploads\/2023\/08\/REIPIN_VESIOSUUSKUNTA_HALLITUS_KOKOUS_2-20230330_Poytakirja.docx-Google-Docs.pdf\">REIPIN_VESIOSUUSKUNTA_HALLITUS_KOKOUS_2-20230330_Poytakirja.docx-Google-Docs<\/a><a href=\"https:\/\/www.reipinvesiosuuskunta.fi\/wp-content\/uploads\/2023\/08\/REIPIN_VESIOSUUSKUNTA_HALLITUS_KOKOUS_2-20230330_Poytakirja.docx-Google-Docs.pdf\" class=\"wp-block-file__button wp-element-button\" download aria-describedby=\"wp-block-file--media-dcb3f526-c1fa-4924-ac3b-0b45a4334b4c\">Lataa<\/a><\/div>\n\n\n\n<p>Toimintakertomus 2022<\/p>\n\n\n\n<div data-wp-interactive=\"\" class=\"wp-block-file\"><object data-wp-bind--hidden=\"!selectors.core.file.hasPdfPreview\" hidden class=\"wp-block-file__embed\" data=\"https:\/\/www.reipinvesiosuuskunta.fi\/wp-content\/uploads\/2023\/08\/RVO_Toimintakertomus_2022.docx-Google-Docs.pdf\" type=\"application\/pdf\" style=\"width:100%;height:600px\" aria-label=\"Tiedoston RVO_Toimintakertomus_2022.docx-Google-Docs upotus.\"><\/object><a id=\"wp-block-file--media-9081bbe7-db10-4291-b6c9-a7361da716ae\" href=\"https:\/\/www.reipinvesiosuuskunta.fi\/wp-content\/uploads\/2023\/08\/RVO_Toimintakertomus_2022.docx-Google-Docs.pdf\">RVO_Toimintakertomus_2022.docx-Google-Docs<\/a><a href=\"https:\/\/www.reipinvesiosuuskunta.fi\/wp-content\/uploads\/2023\/08\/RVO_Toimintakertomus_2022.docx-Google-Docs.pdf\" class=\"wp-block-file__button wp-element-button\" download aria-describedby=\"wp-block-file--media-9081bbe7-db10-4291-b6c9-a7361da716ae\">Lataa<\/a><\/div>\n\n\n\n<p>27.2.2023<\/p>\n\n\n\n<div data-wp-interactive=\"\" class=\"wp-block-file\"><object data-wp-bind--hidden=\"!selectors.core.file.hasPdfPreview\" hidden class=\"wp-block-file__embed\" data=\"https:\/\/www.reipinvesiosuuskunta.fi\/wp-content\/uploads\/2023\/08\/REIPIN_VESIOSUUSKUNTA_HALLITUS_KOKOUS_1-20230227_Poytakirja.docx-Google-Docs.pdf\" type=\"application\/pdf\" style=\"width:100%;height:600px\" aria-label=\"Tiedoston REIPIN_VESIOSUUSKUNTA_HALLITUS_KOKOUS_1-20230227_Poytakirja.docx-Google-Docs upotus.\"><\/object><a id=\"wp-block-file--media-187788e8-b487-4ecc-83b3-aa9aab72a483\" href=\"https:\/\/www.reipinvesiosuuskunta.fi\/wp-content\/uploads\/2023\/08\/REIPIN_VESIOSUUSKUNTA_HALLITUS_KOKOUS_1-20230227_Poytakirja.docx-Google-Docs.pdf\">REIPIN_VESIOSUUSKUNTA_HALLITUS_KOKOUS_1-20230227_Poytakirja.docx-Google-Docs<\/a><a href=\"https:\/\/www.reipinvesiosuuskunta.fi\/wp-content\/uploads\/2023\/08\/REIPIN_VESIOSUUSKUNTA_HALLITUS_KOKOUS_1-20230227_Poytakirja.docx-Google-Docs.pdf\" class=\"wp-block-file__button wp-element-button\" download aria-describedby=\"wp-block-file--media-187788e8-b487-4ecc-83b3-aa9aab72a483\">Lataa<\/a><\/div>\n","protected":false},"excerpt":{"rendered":"<p>Seuraava kokous 21.9.2023 klo 18 Reipin kyl\u00e4talo, Museotie 6 Kokousp\u00f6yt\u00e4kirjat 30.3.2023 Toimintakertomus 2022 27.2.2023<\/p>\n","protected":false},"author":2,"featured_media":0,"parent":0,"menu_order":0,"comment_status":"closed","ping_status":"closed","template":"","meta":{"footnotes":""},"_links":{"self":[{"href":"https:\/\/www.reipinvesiosuuskunta.fi\/index.php?rest_route=\/wp\/v2\/pages\/108"}],"collection":[{"href":"https:\/\/www.reipinvesiosuuskunta.fi\/index.php?rest_route=\/wp\/v2\/pages"}],"about":[{"href":"https:\/\/www.reipinvesiosuuskunta.fi\/index.php?rest_route=\/wp\/v2\/types\/page"}],"author":[{"embeddable":true,"href":"https:\/\/www.reipinvesiosuuskunta.fi\/index.php?rest_route=\/wp\/v2\/users\/2"}],"replies":[{"embeddable":true,"href":"https:\/\/www.reipinvesiosuuskunta.fi\/index.php?rest_route=%2Fwp%2Fv2%2Fcomments&post=108"}],"version-history":[{"count":5,"href":"https:\/\/www.reipinvesiosuuskunta.fi\/index.php?rest_route=\/wp\/v2\/pages\/108\/revisions"}],"predecessor-version":[{"id":122,"href":"https:\/\/www.reipinvesiosuuskunta.fi\/index.php?rest_route=\/wp\/v2\/pages\/108\/revisions\/122"}],"wp:attachment":[{"href":"https:\/\/www.reipinvesiosuuskunta.fi\/index.php?rest_route=%2Fwp%2Fv2%2Fmedia&parent=108"}],"curies":[{"name":"wp","href":"https:\/\/api.w.org\/{rel}","templated":true}]}}